 highest common divisor of 28 and f?
28
Let x(p) = -3*p + 7. Let r be 0*((-2)/(-4))/1. Let u be 4 - 4 - (6 - r). Let v be x(u). What is the greatest common factor of v and 5?
5
Let h = 30 - 11. Suppose 3*j = -2*d - 29, -4*d - 5*j + j = 48. Let v = h + d. What is the greatest common divisor of 48 and v?
12
Suppose 429 = 4*c + z, 2*c - 4*c + 5*z + 231 = 0. What is the highest common factor of c and 36?
36
Let q = 2 + -18. Let n = -11 - q. What is the greatest common divisor of n and 40?
5
Suppose -4 = -5*v + 3*m, -33*v + m = -36*v + 8. Suppose 48 = 2*i + 16. Calculate the highest common divisor of v and i.
2
Let b be 86/18 - 4/(-18). Let n be (-9)/(-18)*1*70. What is the greatest common divisor of b and n?
5
Let n(k) be the third derivative of k**4/24 + 3*k**3/2 + k**2. Let p be n(-8). Calculate the highest common factor of 3 and p.
1
Let r = 79 + -35. What is the highest common divisor of r and 11?
11
Suppose 24 = 5*x - 4*a - 8, -4*x = 4*a - 40. Let q be (12/(-9))/(3/(-9)). What is the highest common factor of x and q?
4
Suppose 11 = 2*x - 99. Suppose -2*i - 3 = -0*i + 5*d, d = -2*i + 17. What is the greatest common divisor of i and x?
11
Suppose 3*z - 5*s + 9 = 0, 3 + 2 = -5*z + 5*s. Suppose -57 = -4*q + z*d + 57, 124 = 4*q - 4*d. What is the greatest common divisor of q and 13?
13
Let i(n) = -n**2 - 5*n - 6. Let u be i(-4). Let s be 436/10 - u/5. Suppose -13 - 3 = -4*y. Calculate the greatest common divisor of s and y.
4
Suppose 0 = 3*f + o - 402, -4*o = -3*f + f + 254. Let s = 132 - 75. Suppose -s = m - 4*m. What is the greatest common divisor of f and m?
19
Suppose 3*a + 31 = 151. Calculate the highest common divisor of a and 8.
8
Let d be -9*(2 + -3 + -1). Let n = -10 - -10. Suppose n = -l - 4*l + 45. Calculate the highest common factor of d and l.
9
Let k = -36 - -22. Let i be (k/8)/(8/(-64)). What is the greatest common divisor of i and 7?
7
Let a = 7 + -1. Suppose -5*c + 4*c + 40 = -2*b, -4*b - 122 = -3*c. What is the greatest common divisor of c and a?
6
Suppose 130 + 32 = 18*n. Let x = -67 - -177. Suppose n*y - x = 4*y. Calculate the greatest common factor of y and 198.
22
Suppose 184 = 3*v - 68. Let s(i) = -i**3 - 6*i**2 - 6*i + 7. Let o be 18/(-3) + (-1 - -2). Let m be s(o). Calculate the greatest common factor of v and m.
12
Let h be (-15)/(-5) + -1 - -43. Let n(i) = i**3 + 4*i**2 - i - 3. Let k = -5 + 2. Let p be n(k). Calculate the greatest common divisor of p and h.
9
Suppose -2*b + 73 + 81 = 0. Suppose -4*a - 15 = -5*a - c, -3*c + 12 = 0. What is the highest common factor of a and b?
11
Let d = 128 - -25. Suppose -b - 3*c + d = 2*b, -b + 57 = -5*c. Let j(w) = -4*w - 7. Let y be j(-5). What is the highest common factor of y and b?
13
Suppose i = 4*c - i - 30, 0 = -2*c + 3*i + 21. Let m be ((-6)/(-8))/((-1)/(-8)). Calculate the highest common factor of m and c.
6
Let j be 2/6 + (-16)/(-6). Suppose -y = j*y - 2*f - 64, 5*f + 76 = 4*y. What is the highest common divisor of y and 2?
2
Let v = 22 - -57. Suppose -3*r - 1 = -v. What is the highest common factor of 26 and r?
26
Let k be ((-4)/(-3) + -1)/((-36)/(-2268)). Calculate the greatest common divisor of k and 21.
21
Let a(h) = 2*h**3 + 14*h**2 - 14*h + 2. Let k be a(-7). What is the highest common factor of 25 and k?
25
Suppose -v = 3 - 5. What is the highest common divisor of 8 and v?
2
Let t(w) be the first derivative of w**3/3 + w**2 - 8*w - 5. Let d be t(-6). What is the greatest common divisor of d and 64?
16
Let p be (1/4)/(3/12). What is the greatest common factor of 8 and p?
1
Let p(i) = 2*i - 9. Suppose -3*t + 14 + 4 = 0. Let c be p(t). Suppose 4*h = -c*o - 23 + 77, 9 = 3*h. What is the greatest common factor of o and 2?
2
Let f(m) = 213*m**2 - 1. Let z be f(-1). Suppose 0 = -5*k + 28 + z. Suppose 3*d - 4*a - k = 0, -4*a = -a. What is the greatest common factor of 24 and d?
8
Let d(b) = -b**3 + b**2. Let p be d(2). Let y be (-1)/p + 861/12. Suppose f + 1 = 3*i - 6, 0 = -3*f + 4*i + 4. Calculate the highest common divisor of f and y.
8
Let s(k) = 12*k**2 + 3*k + 3. Let v be s(-2). Suppose 0 = 2*g - 6*g + 72. What is the greatest common factor of g and v?
9
Suppose -3*s + 0*b + b + 7 = 0, -3*b + 19 = s. Calculate the highest common factor of s and 10.
2
Suppose -3*g = -l + 4, 5*g = -3*l - 0*g - 2. What is the highest common factor of l and 2?
1
Suppose z - 4*j - 6 = 3, 5*z - 45 = j. What is the highest common factor of z and 99?
9
Suppose 2*x - 4*y - 14 + 78 = 0, -136 = 5*x + 2*y. Let o = x + 39. What is the highest common divisor of o and 1?
1
Suppose 2*r - 5*o = 112, -8*r = -3*r + o - 280. Calculate the greatest common factor of 7 and r.
7
Suppose 0*t = 5*t + 15. Let z be 9/t*20/(-6). What is the highest common divisor of z and 110?
10
Let s(w) = 8*w. Let y be s(2). What is the highest common divisor of 112 and y?
16
Let j(l) = l**2 + 2*l - 3. Let q be j(-3). Suppose q = -5*n + 15 + 20. Suppose -h + n = -13. What is the highest common factor of 50 and h?
10
Let f(g) = -3*g**3 + 2*g**2 - g - 1. Let t be f(-2). Calculate the highest common factor of 22 and t.
11
Let q be (-7)/((-28)/12) + 5. Let h be 0 - 9*(-2 - -1). Suppose 3*p = h + 87. Calculate the highest common divisor of p and q.
8
Let g = 327 + -225. Calculate the greatest common factor of g and 51.
51
Let z be (88/20)/((-2)/(-5)). Suppose f + 5 = z. Calculate the highest common factor of f and 54.
6
Let s(h) = 188*h + 13. Let j(i) = 47*i + 3. Let t(g) = 9*j(g) - 2*s(g). Let c be t(1). What is the highest common factor of 12 and c?
12
Suppose -3*t = i - 32, 1 = 4*t - 4*i - 63. Let v = 6 - 2. Let u be 1/2 + 238/v. What is the highest common divisor of u and t?
12
Let v(n) = n**3 + 7*n**2 + 4. Let w be v(-6). Let z be (-4)/14 - (-360)/35. What is the highest common divisor of z and w?
10
Suppose -2*p + 5*p + 27 = 0. Let m be 2/p + (-20)/(-9). Calculate the greatest common factor of m and 1.
1
Let f(u) = u**3 - 2*u**2 + 3*u - 2. Let o be f(2). Let m(v) = 3*v**2 + v. Let c = -1 + -1. Let k be m(c). Calculate the greatest common divisor of k and o.
2
Suppose 2*t - 6 = -t. Let j(c) be the second derivative of c**4/12 - c**3/3 + 3*c**2/2 + c. Let v be j(t). What is the highest common divisor of v and 3?
3
Let a be (-10)/(-6) + (-2)/(-6). Suppose 3*h - 25 = j, 0 = -5*h - a*j + 8 + 19. Calculate the greatest common divisor of 49 and h.
7
Let f be (276/(-16))/(6/(-8)). Calculate the greatest common divisor of f and 253.
23
Suppose 5*n - n - 20 = -3*v, -2*v + 10 = 2*n. What is the highest common divisor of n and 1?
1
Suppose -6*i = -10*i + 140. Calculate the greatest common factor of 21 and i.
7
Let u = -6 - -96. What is the highest common factor of 120 and u?
30
Suppose 4*u - 3*s = -3, -u = -5*s + 7 + 15. Suppose -j = -u*w + 18, j + j + 6 = 0. What is the greatest common divisor of 45 and w?
5
Let o(k) = 21*k - 1. Let l be o(1). Calculate the highest common divisor of l and 10.
10
Suppose 2*j + 5*f = 19, -2*j - 5*f + 21 = -2*f. Calculate the highest common factor of j and 2.
2
Let z = -14 - -6. Let d(f) = -f + 1. Let g be d(z). Calculate the greatest common divisor of 99 and g.
9
Let y = 28 + -4. Suppose 17*n - 16*n - 4 = 0. Calculate the greatest common factor of y and n.
4
Let w be (-165)/(-12) + (-1)/(-4). Let h be 30/4 - (-2)/(-4). Calculate the greatest common divisor of w and h.
7
Let l be (-1024)/(-19) + 10/95. What is the highest common factor of 6 and l?
6
Suppose 3*d = 4*a + 50 + 12, 5*a + 25 = 0. Calculate the highest common divisor of d and 168.
14
Suppose -3*r + 5*r + 42 = l, 0 = -l + 3*r + 44. What is the greatest common factor of l and 38?
38
Suppose 0*w = 3*w - 93. Let j = w - 19. Let q = 46 - 22. Calculate the greatest common divisor of j and q.
12
Let n be (30*-1)/(-5)*(-104)/(-6). What is the greatest common factor of n and 13?
13
Let h = 482 - 332. Calculate the greatest common factor of h and 100.
50
Let k(j) = -71*j + 2. Let t be k(-2). Let i = t + -99. What is the greatest common factor of i and 18?
9
Suppose 10 + 15 = -5*w, 5*w = -3*d + 41. Let j = d - 10. Calculate the highest common factor of 48 and j.
12
Let z be (-1544)/(-14) - 2/7. Let f = 5 + 5. Calculate the highest common divisor of f and z.
10
Let p(v) be the second derivative of v**4/12 + v**3/3 - v**2/2 - 4*v. Let z be p(2). Calculate 